ivided by l(h)?
19
Suppose -2 = y + 3*b, 7*y = -b + 25 + 41. Calculate the remainder when (3/(-2))/(5/(-50)) is divided by y.
5
Let m = -2 - -17. Let q(v) = 8*v**3 - 29*v**2 - 9*v + 36. What is the remainder when q(4) is divided by m?
3
Let v(s) = s**3 + 5*s**2 - 27*s - 12. What is the remainder when 24742 is divided by v(4)?
22
Suppose -4*x - 3*n + 20 = -0*x, -4*n = 0. Let j(c) = -7 - x*c - 5 + 4*c**2 + 17. Calculate the remainder when j(-3) is divided by 20.
16
Let r(a) = -7*a - 34. Let v be r(-5). Calculate the remainder when 199 is divided by ((-14)/28)/(v/(-202)).
98
Calculate the remainder when ((-20)/25)/((-34)/1785) is divided by -5 + 2 - 5*-1.
0
Let d = -27 + 50. Calculate the remainder when 463 is divided by d.
3
What is the remainder when ((-3316)/(-14) - (-7)/49)*(-8)/(-6) is divided by 77?
8
Let y = -6175 - -6270. What is the remainder when 677 is divided by y?
12
Let p = -461 - -461. Suppose -32*c + 17785 + 17063 = p. Calculate the remainder when c is divided by 84.
81
Suppose 4*u + 4*c = -4, 4*c - 2 = -2*u - 6. Suppose u = 3*j - 0*j - 21. Suppose -j*f + 224 = -0. What is the remainder when f is divided by 9?
5
Suppose -5*y = m - 32, 23 = -2*m + 3*m + 2*y. Calculate the remainder when 281 + -287 - 10*(-44)/8 is divided by m.
15
Suppose 2*l = q - 187 + 183, -50 = -2*q - 3*l. Calculate the remainder when 1541 is divided by q.
5
Suppose -8*q + 3*q + 200 = 0. Suppose -5*t - 4*x + 97 = 0, -t - t - 2*x = -q. What is the remainder when 8/2*32/2 is divided by t?
13
Suppose 1232*j - 1278*j = -2760. What is the remainder when 2996 is divided by j?
56
Let t be 372 - 8/12*-6. Let c = -333 + t. What is the remainder when c is divided by 9?
7
Let g = 4847 + -4725. What is the remainder when 312 is divided by g?
68
Let q = 3738 + -3632. Calculate the remainder when 406 is divided by q.
88
Let i be 84/(-210)*(-30)/2. Let k(j) = 3*j**2 + 3. Calculate the remainder when k(i) is divided by 31.
18
Suppose -2754 = 8*d - 122. Let j = -244 - d. Calculate the remainder when j is divided by 3.
1
Suppose 23*b + 25 = -2*b. What is the remainder when ((-420)/(-525))/(0 - b/30) is divided by 18?
6
Let k be 12/(-16) - 3078/(-8). Suppose -14*d = -k - 2724. Let b = 129 + -84. Calculate the remainder when d is divided by b.
42
Suppose 5*q - 5 = 155. Let x(p) = -p**3 + 3*p**2 + 50*p + 97. What is the remainder when q is divided by x(-4)?
5
Suppose 109 + 53 = 9*w. What is the remainder when w/(-7)*1456/(-78) is divided by 17?
14
Suppose 9*x - 7*x - 104 = 0. Let m = -92 + x. Let z = m + 54. What is the remainder when z is divided by 5?
4
Suppose 2*k - 1 = 23. Let g = 126 + -127. Calculate the remainder when 15*12/54*(-9)/g is divided by k.
6
Let i be (-7)/21*87/(-1). Suppose -4*a - 2*v = -6, -a + i = -0*a - 5*v. What is the remainder when 27 is divided by -3*a*(24/(-9) - -2)?
3
Calculate the remainder when 306 is divided by ((-24)/78)/2 - 2545/(-65).
33
Let y(o) = 62*o**2 + o. Let f be y(2). Suppose -h - 238 = -6*h + 2*a, f = 5*h - 5*a. What is the remainder when h is divided by (-106)/212 - 26/(-4)?
4
Let b = 158 - 159. What is the remainder when (505/(-3))/b - (-9)/(-27) is divided by 35?
28
Let k(l) = -l**3 + l**2 + 5*l - 3. Let z be k(3). Let p(h) = 2*h + 5 - 5*h**2 - 52*h**2 - 3 + 58*h**2. Calculate the remainder when p(z) is divided by 9.
8
Suppose 0 = 50*b - 55*b + 60. Suppose 20*z + 3*z = 828. Calculate the remainder when 200/(-32)*-2*z/10 is divided by b.
9
Let i(d) = -3*d - 99. Let j be i(-32). What is the remainder when (-80)/(-4)*j/(60/(-272)) is divided by 94?
84
Let l = -194 - -355. Suppose -33 = 47*s - 48*s. What is the remainder when l is divided by s?
29
Suppose 86 = 3*a + 2*y, -222*y + 218*y = 5*a - 142. What is the remainder when 177 is divided by a?
27
Suppose 72 = 2*y + 4*g, -4*y + 83 = g - 47. Let d = 189 + -108. Calculate the remainder when d is divided by y.
17
Let h(t) = 8*t - 6*t - 7*t**2 - 10 - 9*t - 5*t**3 + 2*t**3. What is the remainder when h(-4) is divided by ((-1782)/270)/((-1)/5)?
32
Let u(p) = 2*p**2 + 9*p - 4. Let j be u(-7). Let r = j + -91. What is the remainder when 8/60 + (-2)/(r/4226) is divided by 36?
33
What is the remainder when (37/(-6))/((-478)/22944) is divided by 146?
4
Suppose 4084 = -243*h + 18714 + 13315. Calculate the remainder when h is divided by 5.
0
Suppose 2*t + b - 1116 = -2*b, -4*t - 4*b = -2240. Suppose 0 = -2*o - 2*o + t. What is the remainder when o is divided by 72/14*(-15 + 71)/8?
33
What is the remainder when 105 is divided by 130/39*(-27)/(-144)*8?
0
What is the remainder when 1989 + (8 - 110/5) is divided by 152?
151
Suppose 2*s = 5*f + 4*s + 38, 10 = -f - s. Calculate the remainder when 9 is divided by ((-16)/f)/((-18)/(-27)).
1
Let t = 108 + -21. Calculate the remainder when t is divided by 10/1 - (-2)/2.
10
Suppose 100*m = 51*m + 31311. Calculate the remainder when m is divided by 207.
18
Suppose -290 + 105 = -5*l. Let z = -119 + 121. What is the remainder when l is divided by ((-533)/39 + z/3)*-1?
11
Suppose 2*h = -5 + 35. Let q(l) = -l**2 + 13*l + 16. Let t be -2 + -1 + 12 + -4. Calculate the remainder when q(t) is divided by h.
11
Let o(b) = -15 - 4*b + 4*b + b**2 - b. What is the remainder when 43 is divided by o(-4)?
3
Let c(g) = -3*g**2 - 3*g + 12. Let l be c(2). Let p(o) = 3*o + 34. What is the remainder when 270 is divided by p(l)?
14
Suppose 2*k = -p + 595, -4*k + 575 = -4*p - 657. Calculate the remainder when k is divided by 14.
7
Suppose -a + 5 = -5*g, -a - 11 = 4*g + 2. Let r = 6 + g. Calculate the remainder when ((-77)/7)/(2/(-4)*1) is divided by r.
2
Let s(y) = -4*y - 82. Let i be s(-21). Suppose -5 - 153 = -i*z - 4*p, 0 = -2*z - 2*p + 158. Calculate the remainder when z is divided by 4.
3
Suppose -12 = 3*n - 3*j, j = 4*n - n + 8. Let o(q) = 2*q**2 + 7*q + 10. Calculate the remainder when 21 is divided by o(n).
1
What is the remainder when 930 is divided by (15 + -20)*8/(-2)?
10
Let a(m) = -m**2 + 132*m - 2394. Calculate the remainder when 1007 is divided by a(107).
164
Let j = 242 + -290. Let y = j - -74. Suppose -198 - 102 = -4*r. Calculate the remainder when r is divided by y.
23
Let g be (2/(-2) - (-10)/6)*15. Suppose 2*r + 6 - 14 = -5*b, -g = -4*b + 2*r. Suppose 7*f - 570 = b*f. Calculate the remainder when f is divided by 39.
36
Let r(s) = -2*s**3 + 106*s**2 - 87*s + 31. Calculate the remainder when r(52) is divided by 67.
44
Let l be (-212*(-17)/204)/(1/3). Suppose l*q - 7454 + 2207 = 0. What is the remainder when q is divided by 13?
8
Let f(w) = 772*w**2 + 143*w - 17. What is the remainder when f(2) is divided by 105?
102
Let a = 91 + -33. Suppose a*l = 54*l + 32. Suppose -5*i - l = -b, 3*b + 3*i + 48 = 6*b. What is the remainder when 53 is divided by b?
17
Let a be (-4)/10 + 476/(-85). Let f(x) = x**3 + 6*x**2 - 14*x - 13. What is the remainder when f(a) is divided by 15?
11
Let p(z) = 20*z - 40. Let w be p(2). Suppose -3*v + 73 = -4*l, w = 3*v + v + 4*l - 116. What is the remainder when v is divided by 15?
12
Let q(o) = o**3 - 5*o**2 + 3*o + 1. Suppose -v - 7*a = -58, -290 = -6*v + v + a. Calculate the remainder when v is divided by q(5).
10
Let x(w) = -w - 30. Let i be x(-15). Let j be i*(-2 + 3/1). What is the remainder when (80/j)/(-8)*60 is divided by 16?
8
Suppose -75 = -382*b + 377*b + 30. Calculate the remainder when 897 is divided by b.
15
Calculate the remainder when 110551/(-17)*(-18)/63 is divided by 124.
122
Let d = -25036 + 25118. What is the remainder when 10821 is divided by d?
79
Suppose -81*z = -85*z - p + 16552, 4138 = z + p. What is the remainder when z is divided by 56?
50
Let a = -14484 + 14531. What is the remainder when 7377 is divided by a?
45
Let g(j) be the third derivative of -j**4/24 + 14*j**3 - j**2 + 226. What is the remainder when g(31) is divided by 21?
11
Let b be 2 + 1/(2/298). Suppose -b - 126 = -y. What is the remainder when y is divided by 28?
25
Suppose 0 = -18*b + 13*b - 6*n + 5913, 2*n = -4. What is the remainder when b is divided by 36?
33
Let b(i) = -i**2 + 7*i - 7. Let h be b(4). Suppose h*k - 191 = 54. Calculate the remainder when 289 is divided by k.
44
Let p = -1194 - -1511. Let d(i) = -9*i - 1. What is the remainder when p is divided by d(-6)?
52
What is the remainder when 22526 is divided by 4/(-17 + 5243/308)?
174
Calcul